{"id":165,"date":"2024-03-11T16:05:46","date_gmt":"2024-03-11T16:05:46","guid":{"rendered":"https:\/\/wearehox.com\/?post_type=proyecto&#038;p=165"},"modified":"2024-04-11T21:11:54","modified_gmt":"2024-04-11T21:11:54","slug":"madera-de-guerrero","status":"publish","type":"proyecto","link":"https:\/\/wearehox.com\/en\/proyecto\/madera-de-guerrero\/","title":{"rendered":"Madera de Guerrero"},"content":{"rendered":"<div id=\"cs-content\" class=\"cs-content\"><\/div>","protected":false},"excerpt":{"rendered":"<p>Guayaquil City F.C. comienza su temporada 2019 y nos confi\u00f3 la elaboraci\u00f3n de su estrategia de comunicaci\u00f3n y l\u00ednea gr\u00e1fica.<\/p>","protected":false},"featured_media":322,"menu_order":0,"template":"","format":"standard","meta":{"_acf_changed":false,"inline_featured_image":false},"categories":[15],"tags":[19],"class_list":["post-165","proyecto","type-proyecto","status-publish","format-standard","has-post-thumbnail","hentry","category-campana","tag-guayaquil-city"],"acf":[],"_links":{"self":[{"href":"https:\/\/wearehox.com\/en\/wp-json\/wp\/v2\/proyecto\/165","targetHints":{"allow":["GET"]}}],"collection":[{"href":"https:\/\/wearehox.com\/en\/wp-json\/wp\/v2\/proyecto"}],"about":[{"href":"https:\/\/wearehox.com\/en\/wp-json\/wp\/v2\/types\/proyecto"}],"wp:featuredmedia":[{"embeddable":true,"href":"https:\/\/wearehox.com\/en\/wp-json\/wp\/v2\/media\/322"}],"wp:attachment":[{"href":"https:\/\/wearehox.com\/en\/wp-json\/wp\/v2\/media?parent=165"}],"wp:term":[{"taxonomy":"category","embeddable":true,"href":"https:\/\/wearehox.com\/en\/wp-json\/wp\/v2\/categories?post=165"},{"taxonomy":"post_tag","embeddable":true,"href":"https:\/\/wearehox.com\/en\/wp-json\/wp\/v2\/tags?post=165"}],"curies":[{"name":"wp","href":"https:\/\/api.w.org\/{rel}","templated":true}]}}

<p>Guayaquil City F.C. comienza su temporada 2019 y nos confió la elaboración de su estrategia de comunicación y línea gráfica.</p>
